d by 239.
237
Calculate the remainder when 18627 is divided by 54.
51
What is the remainder when 898 is divided by 139?
64
What is the remainder when 3189 is divided by 117?
30
What is the remainder when 432 is divided by 3?
0
Calculate the remainder when 3162 is divided by 959.
285
Calculate the remainder when 307191 is divided by 47.
46
What is the remainder when 30129 is divided by 102?
39
Calculate the remainder when 22108 is divided by 298.
56
What is the remainder when 490905 is divided by 490897?
8
What is the remainder when 56698 is divided by 28?
26
Calculate the remainder when 1834 is divided by 1639.
195
What is the remainder when 109932 is divided by 2818?
30
What is the remainder when 24174 is divided by 174?
162
Calculate the remainder when 479158 is divided by 79858.
10
What is the remainder when 23115 is divided by 152?
11
What is the remainder when 9921 is divided by 20?
1
Calculate the remainder when 594 is divided by 246.
102
Calculate the remainder when 327140 is divided by 87.
20
Calculate the remainder when 2321549 is divided by 16.
13
What is the remainder when 3372 is divided by 33?
6
Calculate the remainder when 4509 is divided by 7.
1
What is the remainder when 9274 is divided by 12?
10
Calculate the remainder when 27874 is divided by 5.
4
Calculate the remainder when 2776 is divided by 180.
76
Calculate the remainder when 40227 is divided by 15.
12
What is the remainder when 697 is divided by 317?
63
Calculate the remainder when 986826 is divided by 213.
210
What is the remainder when 3010 is divided by 943?
181
What is the remainder when 267678 is divided by 180?
18
What is the remainder when 144369 is divided by 52?
17
What is the remainder when 980465 is divided by 17201?
8
Calculate the remainder when 719541 is divided by 18.
9
Calculate the remainder when 4103 is divided by 162.
53
Calculate the remainder when 2325 is divided by 13.
11
Calculate the remainder when 22091 is divided by 130.
121
Calculate the remainder when 6414 is divided by 2116.
66
What is the remainder when 358 is divided by 331?
27
What is the remainder when 2154583 is divided by 232?
231
Calculate the remainder when 11524 is divided by 446.
374
Calculate the remainder when 18535 is divided by 579.
7
What is the remainder when 9744 is divided by 4799?
146
What is the remainder when 4196 is divided by 92?
56
What is the remainder when 27563 is divided by 212?
3
Calculate the remainder when 2469 is divided by 732.
273
What is the remainder when 21255 is divided by 605?
80
Calculate the remainder when 1625181 is divided by 14.
5
Calculate the remainder when 12417 is divided by 46.
43
What is the remainder when 26411 is divided by 357?
350
What is the remainder when 2803 is divided by 149?
121
Calculate the remainder when 4193 is divided by 567.
224
Calculate the remainder when 1233 is divided by 222.
123
What is the remainder when 4080 is divided by 672?
48
Calculate the remainder when 6270 is divided by 300.
270
Calculate the remainder when 11579 is divided by 35.
29
Calculate the remainder when 29385 is divided by 17.
9
Calculate the remainder when 8106 is divided by 145.
131
What is the remainder when 141780 is divided by 70833?
114
Calculate the remainder when 3723 is divided by 232.
11
What is the remainder when 7158 is divided by 1729?
242
What is the remainder when 564454 is divided by 845?
839
Calculate the remainder when 13978 is divided by 233.
231
Calculate the remainder when 1949 is divided by 86.
57
Calculate the remainder when 2248 is divided by 210.
148
What is the remainder when 1937 is divided by 480?
17
Calculate the remainder when 256623 is divided by 25.
23
Calculate the remainder when 1207 is divided by 8.
7
What is the remainder when 3849 is divided by 124?
5
Calculate the remainder when 717 is divided by 155.
97
Calculate the remainder when 3092 is divided by 86.
82
Calculate the remainder when 36393 is divided by 89.
81
What is the remainder when 4785 is divided by 344?
313
What is the remainder when 19097 is divided by 294?
281
What is the remainder when 514602 is divided by 165?
132
Calculate the remainder when 1517 is divided by 49.
47
Calculate the remainder when 173030 is divided by 503.
501
Calculate the remainder when 9185 is divided by 258.
155
What is the remainder when 140513 is divided by 22?
21
Calculate the remainder when 92981 is divided by 4427.
14
What is the remainder when 176936 is divided by 19658?
14
What is the remainder when 35388 is divided by 221?
28
Calculate the remainder when 762 is divided by 142.
52
Calculate the remainder when 1680 is divided by 16.
0
What is the remainder when 155882 is divided by 57?
44
Calculate the remainder when 18374098 is divided by 60.
58
Calculate the remainder when 23458 is divided by 15.
13
Calculate the remainder when 8762 is divided by 84.
26
Calculate the remainder when 575686 is divided by 332.
330
Calculate the remainder when 34705 is divided by 5780.
25
Calculate the remainder when 1391 is divided by 101.
78
Calculate the remainder when 12079 is divided by 463.
41
What is the remainder when 1316 is divided by 426?
38
Calculate the remainder when 303088 is divided by 2.
0
Calculate the remainder when 4094 is divided by 50.
44
What is the remainder when 26393 is divided by 220?
213
What is the remainder when 40804 is divided by 658?
8
What is the remainder when 2691 is divided by 738?
477
Calculate the remainder when 16454 is divided by 63.
11
What is the remainder when 5819802 is divided by 194?
190
Calculate the remainder when 1866861 is divided by 184.
181
Calculate the remainder when 639346 is divided by 69.
61
Calculate the remainder when 23213 is divided by 37.
14
Calculate the remainder when 560 is divided by 255.
50
Calculate the remainder when 81470 is divided by 39.
38
Calculate the remainder when 15223 is divided by 272.
263
Calculate the remainder when 1003 is divided by 197.
18
Calculate the remainder when 7739 is divided by 7724.
15
What is the remainder when 15258 is divided by 66?
12
Calculate the remainder when 55428 is divided by 230.
228
What is the remainder when 1719544 is divided by 24?
16
Calculate the remainder when 93130 is divided by 93112.
18
Calculate the remainder when 5624 is divided by 2694.
236
Calculate the remainder when 665 is divided by 159.
29
What is the remainder when 70825 is divided by 7869?
4
Calculate the remainder when 3934 is divided by 780.
34
Calculate the remainder when 14982 is divided by 127.
123
Calculate the remainder when 531641 is divided by 416.
409
What is the remainder when 57364 is divided by 17?
6
What is the remainder when 52717 is divided by 52582?
135
What is the remainder when 2081072 is divided by 429?
422
Calculate the remainder when 914 is divided by 276.
86
Calculate the remainder when 11873 is divided by 2856.
449
What is the remainder when 226107 is divided by 5?
2
What is the remainder when 4395 is divided by 485?
30
Calculate the remainder when 630 is divided by 114.
60
Calculate the remainder when 2468 is divided by 37.
26
What is the remainder when 24245 is divided by 3?
2
Calculate the remainder when 1700 is divided by 541.
77
What is the remainder when 36494 is divided by 158?
154
What is the remainder when 145421 is divided by 253?
199
Calculate the remainder when 365175 is divided by 503.
500
What is the remainder when 4609989 is divided by 77?
76
What is the remainder when 47576 is divided by 26?
22
Calculate the remainder when 1311286 is divided by 88.
86
What is the remainder when 226234 is divided by 131?
128
What is the remainder when 24461 is divided by 176?
173
Calculate the remainder when 40589 is divided by 123.
122
What is the remainder when 2442 is divided by 154?
132
Calculate the remainder when 19922 is divided by 35.
7
What is the remainder when 3995 is divided by 264?
35
Calculate the remainder when 6949 is divided by 1795.
1564
Calculate the remainder when 4155 is divided by 320.
315
What is the remainder when 32164 is divided by 3557?
151
What is the remainder when 43978 is divided by 896?
74
Calculate the remainder when 14069 is divided by 336.
293
Calculate the remainder when 653 is divided by 51.
41
Calculate the remainder when 14698 is divided by 13.
8
What is 